ve g(z).
1
Suppose -2*g - 3*k - 25 = 0, -4*g + 4*k = k + 5. Let i = 8 + g. Let a(p) = -p**2 + 0 + 2*p**2 - 3*p - i. What is a(3)?
-3
Let k be 0 + (-1*6)/(-1). Let g(m) be the first derivative of -m**4/4 + 7*m**3/3 - 3*m**2 - 6*m + 2. Give g(k).
-6
Let b = 7 - 1. Let a(p) = -2*p + 2. Determine a(b).
-10
Let j(t) = -t**2 - 3*t + 3. Let v(k) = k**2 - 5*k + 9. Let i(n) = n**2 - 8*n + 14. Let l(f) = 5*i(f) - 7*v(f). Let u(c) = 9*j(c) - 4*l(c). Determine u(-6).
5
Suppose -g + w = 3 - 0, 3*w + 7 = -g. Let j = 5 + g. Let b(x) = 6*x**3 + x**2 - 2*x + 1. Give b(j).
6
Let h(n) be the second derivative of n**5/60 - n**4/24 - n**3/2 - n. Let f(m) be the second derivative of h(m). What is f(-4)?
-9
Let r(h) = h**2 + 6*h + 2. Suppose -4 = 5*c + 26. Let w be r(c). Let g(u) be the first derivative of -2*u**2 + 2*u + 3. Determine g(w).
-6
Let q(l) = -l**3 + 2*l. Let k = 9 - 7. Determine q(k).
-4
Let s be (1 - -1)*(-5)/(-2). Let z(v) = -5 + v - s + 3 + v. Determine z(6).
5
Suppose 3 + 7 = -5*h. Let c(i) = 4*i. Determine c(h).
-8
Let w(k) = k + 2. Suppose -4*n + 6 = -n. Calculate w(n).
4
Let v(r) = 17*r**2 - 3*r - 4. Let c be 1/(-4) - (-23)/(-4). Let s(x) = -18*x**2 + 4*x + 5. Let z(u) = c*v(u) - 5*s(u). What is z(-1)?
-11
Let p(j) = -j**2 - 2*j + 2. Let o = 1 + -1. Suppose o = b - 6*b + 10. What is p(b)?
-6
Let u(j) = -j**3 + 6*j**2 + j + 1. Let l = 129 - 123. What is u(l)?
7
Let a = 9 + -13. Let g(q) = -q**2 - 6*q - 5. Calculate g(a).
3
Let g(y) = y**2 + 6*y + 6. Let s(h) = h**2 + 5*h + 5. Let v(c) = 6*g(c) - 7*s(c). What is v(-2)?
-5
Let l(y) = -y**2 - 3*y**2 - y**3 + 10 - 4*y**2 - 2*y**2 + 12*y. Let g be l(-11). Let n(o) be the third derivative of -3*o**4/8 - o**3/6 - o**2. Calculate n(g).
8
Suppose -7 = 3*z + 2*o, -2*z + 5*o = -0*z + 11. Let b(c) = -c**3 - 3*c**2 + 2*c + 1. What is b(z)?
-5
Let m(k) = 0 - 5 - 2 + 2*k + 4. Let s be m(2). Let j = s - -3. Let r(q) = -q**2 + 5*q - 1. Give r(j).
3
Let b(u) = 3*u. Let g(j) = 7*j - 1. Let m(d) = -15*b(d) + 6*g(d). Determine m(-4).
6
Let c be (-10)/(-4) + (-2)/4. Let d(m) = 2*m - 2. Let a be d(c). Let w(h) = -h**3 + h + 2. Calculate w(a).
-4
Let t(q) be the second derivative of -q**4/12 - 2*q**3/3 + q**2/2 - 27*q. Determine t(-3).
4
Let m(b) = -3*b - 2. Let i be m(-2). Let x(f) be the third derivative of 0*f - 3*f**2 + 0 - 1/15*f**5 + 1/6*f**3 - 1/24*f**i. Give x(-2).
-13
Suppose 3 = 2*m + 3*y - 4, 4*m - 15 = -5*y. Let l(h) be the first derivative of h**3/3 - 5*h**2/2 + 2*h + 1. Calculate l(m).
2
Let n(a) = 1 + 7*a + 2*a**3 - 7*a**3 - 6*a. Determine n(-1).
5
Let k(g) = g**2 - 5*g. Suppose 22 = 5*h - 3. Determine k(h).
0
Let b(a) = -a + 3. Let p be b(6). Let t(n) = -n**2 - 1. Calculate t(p).
-10
Let s(r) = 4*r**3 - 2*r**3 + 7*r**2 + 2 - 2*r**2 - r**3. Suppose -q = -5*k + 3*k + 3, 2*q = -3*k - 13. Calculate s(q).
2
Suppose 5*x = -t + 28, -4*x + 10 + 12 = t. Let v(d) = -d**3 + 5*d**2 + 5*d - 6. Determine v(x).
-12
Let p = 13 + -8. Let i be (2/(-4))/((-3)/12). Let u(d) = 2*d**i - 3*d - 6 - 2*d - d**2. Determine u(p).
-6
Let c(u) = -u**3 + 7*u**2 - 2*u - 4. Let m(g) = g**2 - g. Let f(v) = -c(v) + 4*m(v). Calculate f(3).
-2
Let v = 11 + -8. Let p(i) = i**2 - 6*i + 5. Let c be p(5). Let o(w) = c + w + v - 1. What is o(3)?
5
Let p(w) = w + 16. Let l(u) = u + 15. Let d(a) = 5*l(a) - 4*p(a). Let t be d(-8). Let r(o) be the first derivative of 3*o**2/2 - o + 1. Determine r(t).
8
Suppose -3*m = 2*m + 5*r + 15, -4*r = 3*m + 13. Let i be m - (0 + -1 + 0). Suppose 0 = 2*k - 0*k + i. Let z(s) = 2*s**2 + s + 1. Determine z(k).
2
Let i be -1 - (-1)/(3/15). Let m(o) be the first derivative of o**3/3 - 3*o**2 + 3*o - 39. Determine m(i).
-5
Let r = -4 + 7. Suppose -5 = -r*l + 1. Let d(w) = -3*w**l + 5*w**2 - w**2 + 6 + 7*w. What is d(-4)?
-6
Let t(a) = a**3 - a**2 + 3*a - 3. Suppose 3*y + 50 = -5*n, -n - 2*y + 4 = 21. Let q(l) = -l**3 - 8*l**2 - 8*l - 5. Let b be q(n). Determine t(b).
7
Let a(b) = -b**3 - b**2 - 1. Suppose x = -4*c + 59, 0 = 2*c - 3*x - 41 + 8. Let y be (-4)/10 - (-6)/c. Calculate a(y).
-1
Let m(w) = 7*w + 1. Let h(q) = 2*q - 4. Let b(v) = -2*v + 3. Let p(u) = 4*b(u) + 3*h(u). Let y be p(-3). Let x = y - 5. Determine m(x).
8
Suppose 2*w = 16 + 14. Suppose 3*j - 2*b = -6, -5*j - 4*b + w = b. Let p(o) = -o - 6. Calculate p(j).
-6
Let m(x) = -1 + 0*x**2 - 632*x + 630*x - 5*x**2. Give m(2).
-25
Let l(t) = -t - 1. Let z(j) = 5*j. Let s be (2 + 2)*(-2)/(-4). Let c(b) = s*l(b) + z(b). What is c(-2)?
-8
Let k(j) = -24*j - 10. Let h(u) = 11*u + 5. Let n(z) = -9*h(z) - 4*k(z). Determine n(-7).
16
Let h be -1 - 1*-3 - -1. Let l(f) = 3*f + 3 - 5*f**2 - 38*f**3 - 1 + 85*f**3 - 46*f**3. Give l(h).
-7
Let s(m) = 3*m - 1 - 3 - 10*m + 9*m. Suppose 0 = 4*l - 2*q - 2, q + 3*q = -5*l + 35. What is s(l)?
2
Let x(i) = i**3 - 3*i**2 + 3*i. Suppose n = 3*u - u, 30 = n + 4*u. Suppose 5*o - 20 = m, 5*m + n = -2*o - 3*o. Let k = -3 - m. Determine x(k).
2
Let b(c) = -2*c**2 - 3*c - 1. Suppose 2*v - m + 4 = 2, 0 = 4*v - m + 2. Suppose -2*y + v - 6 = 0. Calculate b(y).
-10
Let b(w) = -2*w**2 - 4*w - 3. Let k be (10/4)/(2/4). Let r = -11 + k. Let u = r - -4. What is b(u)?
-3
Let a(y) = -9*y**2 + 4*y - 2. Let b(r) = 5*r**2 - 2*r + 1. Let q(k) = -4*a(k) - 7*b(k). Let o be q(2). Let u(w) = -2*w - 1. Determine u(o).
-3
Let a(i) = i**2 - 7*i + 2. Suppose 3*j - 30 = -0*j. Suppose 0 = -y + 3*y - j. What is a(y)?
-8
Let a be (-53)/11 + 16/(-88). Let o(i) = i**3 + 5*i**2 - 2. Give o(a).
-2
Let i(t) = -t**2 + 5. Suppose -5*c + n - 3 = 0, -6 = c - 0*n - 2*n. What is i(c)?
5
Let t(c) = -c**3 + c**2 + c + 4. Let a be t(0). Let h(b) = 1 + a*b**2 - 3*b**2 - 1 - 7*b + 5. Let w be (-4)/(-14) - (-33)/7. Calculate h(w).
-5
Let z(r) be the first derivative of r**3/3 - 4*r**2 - 5*r - 5. Calculate z(8).
-5
Let p be (96/42 - 2) + 12/7. Let t(i) = i**2 + i - 1. Determine t(p).
5
Let v(o) be the first derivative of -11*o**2 - o - 23. What is v(-1)?
21
Let d(f) be the first derivative of -f**3/3 - 3*f**2 - 8. What is d(-5)?
5
Let u(l) = -2*l + 9. Let d = -6 + 13. Let q be u(d). Let i(f) = -9*f**2 + 3*f + 10. Let b(r) = -5*r**2 + 2*r + 5. Let s(k) = -7*b(k) + 4*i(k). What is s(q)?
-10
Let r(w) = w**3 + 5*w**2 - 8*w - 5. Suppose -10 = 2*c - 5*k - 3, 2*c - 4*k = -8. Calculate r(c).
7
Suppose 88 = -7*p + 3*p. Let b = p - -19. Let a(m) = -m**3 - 4*m**2 - 2*m + 1. Calculate a(b).
-2
Let o = 0 - -3. Let m(x) = 1 + 6*x**3 - 2*x**3 - x - x**2 + 2*x**2 - 3*x**o. Calculate m(-2).
-1
Let y be 10/2 - (6 + -7). Let b = y - 3. Let d(t) = -t**3 + 2*t**2 + 4*t + 1. Give d(b).
4
Let g(o) = -o + 1. Let c be -6 + 1 - (-4 + 2). Let p = c + 4. Suppose -5*w = 21 - p. Give g(w).
5
Let r(f) = -f + 1. Let w(m) = 3*m - 6. Let y(q) = q**3 + 5*q**2 - 7*q - 2. Let i be y(-6). Let x(u) = i*r(u) + w(u). Let c = -3 + 1. Calculate x(c).
0
Suppose -3*j + 6 = -6. Let m(g) = 3*g - 6. Determine m(j).
6
Let g(l) = 2*l + 16. Let o be g(-6). Let t(j) = -j**3 + 3*j**2 + 3. Calculate t(o).
-13
Suppose 0 = -3*m - 3*i - 18, 0*m = m + 5*i + 14. Let j(a) be the third derivative of -a**6/120 - a**5/15 - 12*a**2. What is j(m)?
0
Let v(b) = -2*b**2 + 2*b**3 + 1 - 2*b**2 + b**2 + 0*b**3. Let r be ((-1)/(-2))/(1/4). Calculate v(r).
5
Suppose 5*c - 50 = -0*c. Suppose -6*x = -x - c. Let v(w) = 3 - x + 0 + w. Determine v(-5).
-4
Let a(p) = -3*p**2 + 7*p - 33. Let v(k) = -2*k**2 + 4*k - 17. Let n(j) = -3*a(j) + 5*v(j). Give n(0).
14
Let u(w) = -2*w + 16. Let y be u(8). Let m(o) = o**2 + o - 3. What is m(y)?
-3
Let f be -4 + 44/((-4)/(-1)). Let y(i) = i - 7. Give y(f).
0
Let q(p) = -4*p**3 - 2*p**2 + 3*p - 4. Let t(b) = -5 + 0 - 5*b**3 + 0 - 2*b**2 - 2*b + 6*b. Let v(r) = -4*q(r) + 3*t(r). Calculate v(-2).
1
Let i = 0 - 1. Let c(s) = -2*s - 10*s**3 - 1 + s**3 - 4*s**3. What is c(i)?
14
Let l(x) = -x - 9 + 11 - 5 + 16. Suppose z + 4*s + 11 = 0, -s = 4*z - 0*s - 31. Let i be l(z). Let p(c) = -c**3 + 3*c**2 + 4*c - 4. What is p(i)?
-4
Suppose 0 = 2*i + 2*o, 3*i - o = o + 10. Let x be (60/(-50))/(i/10). Let q(d) = d + 7. What is q(x)?
1
Let k(r) = 5*r + 0*r - 11 + 10*r**2 - 9*r**2. Determine k(-8).
13
Let t(z) be the third derivative of -z**5/10 + z**4/24 - z**3/6 + 4*z**2. What is t(1)?
-6
Let z(b) = b**2 - 8*b + 6. Suppose 4*w - 3*v = 2*v + 17, -2*w + 31 = 5*v. Suppose 3*s - w = 1. Suppose -t + s = -2. Determine z(t).
-9
Let z(j